{"id":188,"date":"2020-11-08T18:54:39","date_gmt":"2020-11-08T17:54:39","guid":{"rendered":"http:\/\/iarbxria.web.belwue.de\/?page_id=188"},"modified":"2025-09-11T15:18:09","modified_gmt":"2025-09-11T13:18:09","slug":"fruehberatung-2","status":"publish","type":"page","link":"https:\/\/pestalozzischule-eislingen.de\/?page_id=188","title":{"rendered":"Fr\u00fchf\u00f6rderung"},"content":{"rendered":"<p><img loading=\"lazy\" decoding=\"async\" class=\"wp-image-1407 size-medium aligncenter\" src=\"https:\/\/pestalozzischule-eislingen.de\/wp-content\/uploads\/2025\/04\/Logo-300x169.png\" alt=\"\" width=\"300\" height=\"169\" srcset=\"https:\/\/pestalozzischule-eislingen.de\/wp-content\/uploads\/2025\/04\/Logo-300x169.png 300w, https:\/\/pestalozzischule-eislingen.de\/wp-content\/uploads\/2025\/04\/Logo-1024x576.png 1024w, https:\/\/pestalozzischule-eislingen.de\/wp-content\/uploads\/2025\/04\/Logo-768x432.png 768w, https:\/\/pestalozzischule-eislingen.de\/wp-content\/uploads\/2025\/04\/Logo-1536x864.png 1536w, https:\/\/pestalozzischule-eislingen.de\/wp-content\/uploads\/2025\/04\/Logo-848x480.png 848w, https:\/\/pestalozzischule-eislingen.de\/wp-content\/uploads\/2025\/04\/Logo.png 1920w\" sizes=\"auto, (max-width: 300px) 100vw, 300px\" \/><\/p>\n<p>&nbsp;<\/p>\n<p>Zeigt das Kind im vorschulischen Bereich Auff\u00e4lligkeiten, so k\u00f6nnen die Eltern (bzw. der Kindergarten mit Einverst\u00e4ndnis der Eltern) Kontakt mit der Beratungsstelle Fr\u00fchf\u00f6rderung aufnehmen. Dort erhalten sie Informationen und Beratung hinsichtlich einer weiteren Unterst\u00fctzung hin\u00a0zu einer positiven Entwicklung des Kindes. In Absprache mit den Eltern kann das Kind in der Kleingruppe oder im Einzelsetting gef\u00f6rdert werden.<\/p>\n<p>Leiterin der Beratungsstelle: Frau Bischoff-Herrmann<\/p>\n<p><img loading=\"lazy\" decoding=\"async\" class=\"alignnone wp-image-39\" src=\"https:\/\/pestalozzischule-eislingen.de\/wp-content\/uploads\/2020\/11\/community2-300x298.png\" alt=\"Zusammen\" width=\"143\" height=\"142\" srcset=\"https:\/\/pestalozzischule-eislingen.de\/wp-content\/uploads\/2020\/11\/community2-300x298.png 300w, https:\/\/pestalozzischule-eislingen.de\/wp-content\/uploads\/2020\/11\/community2-150x150.png 150w, https:\/\/pestalozzischule-eislingen.de\/wp-content\/uploads\/2020\/11\/community2-70x70.png 70w, https:\/\/pestalozzischule-eislingen.de\/wp-content\/uploads\/2020\/11\/community2-246x246.png 246w, https:\/\/pestalozzischule-eislingen.de\/wp-content\/uploads\/2020\/11\/community2-276x276.png 276w, https:\/\/pestalozzischule-eislingen.de\/wp-content\/uploads\/2020\/11\/community2-125x125.png 125w, https:\/\/pestalozzischule-eislingen.de\/wp-content\/uploads\/2020\/11\/community2.png 640w\" sizes=\"auto, (max-width: 143px) 100vw, 143px\" \/><\/p>\n<h3>Kontakt Fr\u00fchberatungsstelle<\/h3>\n<p>Tel.: 07161\/9846314<br \/>\nMail: <a href=\"mailto:spff@04106811.schule.bwl.de\">spff@04106811.schule.bwl.de<\/a><\/p>\n<p>oder \u00fcber das Sekretariat der Pestalozzischule<br \/>\nTel.:07161\/984630<br \/>\nFax: 07161\/9846319<br \/>\nMail: <a href=\"mailto:kontakt@pestalozzischule-eislingen.de\">kontakt@pestalozzischule-eislingen.de<\/a><\/p>\n<p>&nbsp;<\/p>\n","protected":false},"excerpt":{"rendered":"<p>&nbsp; Zeigt das Kind im vorschulischen Bereich Auff\u00e4lligkeiten, so k\u00f6nnen die Eltern (bzw. der Kindergarten mit Einverst\u00e4ndnis der Eltern) Kontakt &hellip; <\/p>\n","protected":false},"author":1,"featured_media":0,"parent":122,"menu_order":0,"comment_status":"closed","ping_status":"closed","template":"","meta":{"footnotes":""},"class_list":["post-188","page","type-page","status-publish","hentry"],"_links":{"self":[{"href":"https:\/\/pestalozzischule-eislingen.de\/index.php?rest_route=\/wp\/v2\/pages\/188","targetHints":{"allow":["GET"]}}],"collection":[{"href":"https:\/\/pestalozzischule-eislingen.de\/index.php?rest_route=\/wp\/v2\/pages"}],"about":[{"href":"https:\/\/pestalozzischule-eislingen.de\/index.php?rest_route=\/wp\/v2\/types\/page"}],"author":[{"embeddable":true,"href":"https:\/\/pestalozzischule-eislingen.de\/index.php?rest_route=\/wp\/v2\/users\/1"}],"replies":[{"embeddable":true,"href":"https:\/\/pestalozzischule-eislingen.de\/index.php?rest_route=%2Fwp%2Fv2%2Fcomments&post=188"}],"version-history":[{"count":15,"href":"https:\/\/pestalozzischule-eislingen.de\/index.php?rest_route=\/wp\/v2\/pages\/188\/revisions"}],"predecessor-version":[{"id":1444,"href":"https:\/\/pestalozzischule-eislingen.de\/index.php?rest_route=\/wp\/v2\/pages\/188\/revisions\/1444"}],"up":[{"embeddable":true,"href":"https:\/\/pestalozzischule-eislingen.de\/index.php?rest_route=\/wp\/v2\/pages\/122"}],"wp:attachment":[{"href":"https:\/\/pestalozzischule-eislingen.de\/index.php?rest_route=%2Fwp%2Fv2%2Fmedia&parent=188"}],"curies":[{"name":"wp","href":"https:\/\/api.w.org\/{rel}","templated":true}]}}